hat is -408 - -3?
-405
In base 5, what is 2 - -30311?
30313
In base 3, what is -10 + -2001022?
-2001102
In base 4, what is 2020 + 2?
2022
In base 6, what is -1100 - -4?
-1052
In base 3, what is -110022 - -10?
-110012
In base 11, what is -101 - -36?
-76
In base 14, what is b07 - 2?
b05
In base 16, what is 2 + cb7?
cb9
In base 8, what is 264 - -3?
267
In base 10, what is 1 + 22?
23
In base 5, what is -1004 - 4?
-1013
In base 7, what is 5 - -12?
20
In base 16, what is 49 + -1?
48
In base 9, what is -3 + -1155?
-1158
In base 6, what is 50 + 13?
103
In base 12, what is 4 - -2?
6
In base 10, what is 13 - 103?
-90
In base 2, what is -100 - 10111101001?
-10111101101
In base 2, what is -1000 + -100100?
-101100
In base 12, what is -6 + -b?
-15
In base 4, what is -11 - 332103?
-332120
In base 12, what is -b + -6?
-15
In base 14, what is a + 10?
1a
In base 14, what is 12 - a?
6
In base 14, what is -21 - 38?
-59
In base 12, what is 0 - 16?
-16
In base 3, what is -12 + 10221?
10202
In base 4, what is -30 + 1201?
1111
In base 3, what is -1011 + 1211?
200
In base 16, what is 0 + 313?
313
In base 14, what is -2c4 - -3?
-2c1
In base 6, what is -35 - 1153?
-1232
In base 16, what is c - -2c9?
2d5
In base 2, what is 1010000 - 1?
1001111
In base 11, what is 1 - 1611?
-1610
In base 8, what is -33 - -26?
-5
In base 6, what is -10425 - -4?
-10421
In base 8, what is 16034 - -3?
16037
In base 6, what is 0 - 102?
-102
In base 5, what is -4212 + -4?
-4221
In base 4, what is 10 + 103?
113
In base 3, what is 22 + -1202?
-1110
In base 5, what is -1202 - -4?
-1143
In base 3, what is -1022221 - -11?
-1022210
In base 16, what is 2 - 17?
-15
In base 11, what is -3a5 - 0?
-3a5
In base 9, what is 5 - -405?
411
In base 2, what is -100 - 10110?
-11010
In base 14, what is b74 + 5?
b79
In base 2, what is -1011011 - 111?
-1100010
In base 4, what is -2230 - -320?
-1310
In base 5, what is 4 - 10302?
-10243
In base 16, what is 1 - 854?
-853
In base 8, what is -163 + 12?
-151
In base 16, what is d - -21?
2e
In base 9, what is 20 - 0?
20
In base 2, what is 1111 - -10011100?
10101011
In base 14, what is 12 - -426?
438
In base 2, what is -1001011 - 101111?
-1111010
In base 12, what is -43 - -25?
-1a
In base 14, what is 1159 + 4?
115d
In base 6, what is -51332 - 0?
-51332
In base 5, what is 124 - -1?
130
In base 15, what is 196a + 3?
196d
In base 9, what is 5 - 440?
-434
In base 12, what is 5 - 155?
-150
In base 8, what is -10347 + 0?
-10347
In base 7, what is -33 - 2?
-35
In base 4, what is -31 - -21?
-10
In base 6, what is -12 + -41?
-53
In base 5, what is 11 - 130?
-114
In base 5, what is -23 - 242?
-320
In base 9, what is -147 + 1?
-146
In base 2, what is -1110100 - -1001?
-1101011
In base 9, what is -12 + -131?
-143
In base 12, what is -168 - -37?
-131
In base 12, what is -1bab - 4?
-1bb3
In base 5, what is 100432 + -10?
100422
In base 5, what is -42 + -20?
-112
In base 8, what is 1 - 52?
-51
In base 16, what is 3d + -3?
3a
In base 10, what is -183 + -2?
-185
In base 8, what is 1543 - 0?
1543
In base 16, what is -2 - -99?
97
In base 5, what is -41 - 24?
-120
In base 6, what is 200 - 250?
-50
In base 8, what is -116 + 4?
-112
In base 16, what is 21 - 2?
1f
In base 5, what is -10 + 22423?
22413
In base 6, what is -312 + -34?
-350
In base 14, what is 4 - b?
-7
In base 10, what is -216 - 40?
-256
In base 4, what is 32312 - -20?
32332
In base 2, what is 10 - -101110101001?
101110101011
In base 13, what is 5 - 70a?
-705
In base 6, what is 4230 + 12?
4242
In base 2, what is -100 - -11001011?
11000111
In base 15, what is 3 + a4?
a7
In base 15, what is 4 + -84?
-80
In base 15, what is -2 - e?
-11
In base 5, what is 1 - -14?
20
In base 15, what is -20c - -1?
-20b
In base 7, what is 3 + -14?
-11
In base 8, what is -1103 + -4?
-1107
In base 13, what is -8 - -3?
-5
In base 12, what is -a95 + -5?
-a9a
In base 11, what is 0 - -272?
272
In base 13, what is 25 - 44?
-1c
In base 10, what is -4 + 1396?
1392
In base 13, what is -7 - -28b?
284
In base 16, what is -2 - -358?
356
In base 12, what is -4 + 7?
3
In base 12, what is -4 + -5a?
-62
In base 7, what is 352 + -2?
350
In base 13, what is 238a + 4?
2391
In base 14, what is 55 + -5?
50
In base 11, what is a236 - -4?
a23a
In base 15, what is -6b + -4?
-70
In base 4, what is -10 - -2013?
2003
In base 8, what is -4 - 114?
-120
In base 3, what is 102010 + -100?
101210
In base 13, what is 5 - -526?
52b
In base 15, what is -80 - -7?
-78
In base 4, what is -3 - -11321?
11312
In base 11, what is 18 + 74?
91
In base 14, what is -1 + 112?
111
In base 7, what is 314 + 3?
320
In base 11, what is 319 + 14?
332
In base 6, what is 2 + 24?
30
In base 7, what is -104 - -4?
-100
In base 7, what is -3456 + 2?
-3454
In base 15, what is -22 - -4?
-1d
In base 4, what is -333323 - -1?
-333322
In base 6, what is 1 + 115?
120
In base 15, what is -60 + 3?
-5c
In base 8, what is 3 - -1644?
1647
In base 7, what is -42 - 20?
-62
In base 16, what is f + 18?
27
In base 6, what is -10 - 155?
-205
In base 10, what is 0 - -124?
124
In base 14, what is 2 + 31?
33
In base 12, what is 584 + -4?
580
In base 12, what is 6a5 + 27?
710
In base 11, what is 0 + 28?
28
In base 15, what is -3 - 320?
-323
In base 12, what is 9 - 31?
-24
In base 6, what is 50233 - 4?
50225
In base 10, what is -13 - -114?
101
In base 14, what is -3 + 3b9?
3b6
In base 4, what is -3201 - -11?
-3130
In base 6, what is 1552 - 3?
1545
In base 12, what is 4 - -25?
29
In base 11, what is 415 - 5?
410
In base 8, what is -212 + -3?
-215
In base 12, what is -15 - -54?
3b
In base 14, what is -15 - 4?
-19
In base 3, what is 10 - 10012?
-10002
In base 9, what is -2 + -771?
-773
In base 3, what is 122121 - 111?
122010
In base 11, what is -185 - -1?
-184
In base 4, what is 120 - 30?
30
In base 15, what is -1 + 5bc?
5bb
In base 2, what is 0 - -1101111?
1101111
In base 15, what is -2 + -3a3?
-3a5
In base 3, what is -2 + -10122?
-10201
In base 8, what is 1160 + -10?
1150
In base 3, what is 121 - 201?
-10
In base 14, what is 22c - 0?
22c
In base 2, what is -101011110 - -1110?
-101010000
In base 8, what is 1 + -763?
-762
In base 3, what is 111 - 12?
22
In base 3, what is 10 - 120012?
-120002
In base 6, what is -15352 - -3?
-15345
In base 15, what is 1c + 8e?
ab
In base 6, what is -14 + 1524?
1510
In base 7, what is 0 - -1?
1
In base 10, what is 2 - -227?
229
In base 16, what is -23 + -1d?
-40
In base 9, what is -22 - -148?
126
In base 16, what is c8 + 1?
c9
In base 14, what is 14 - 1ba?
-1a6
In base 13, what is -5 - -2b2?
2aa
In base 4, what is 3 + -212100?
-212031
In base 3, what is 211 + 1220?
2201
In base 11, what is 2 + -5369?
-5367
In base 2, what is -110011100 + 101?
-110010111
In base 5, what is -1001030 - 3?
-1001033
In base 7, what is 0 + 4463?
4463
In base 16, what is 1 - -1d3?
1d4
In base 9, what is -125 + -4?
-130
In base 14, what is -36 - a6?
-dc
In base 15, what is 2297 + 3?
229a
In base 16, what is 0 + 90f?
90f
In base 6, what is -1 + -31?
-32
In base 16, what is 6 - -3?
9
In base 3, what is -10 + -1202001?
-1202011
In base 11, what is -3 - -1a?
17
In base 2, what is 1000010001 + 11?
1000010100
In base 3, what is -110 + -22?
-202
In base 14, what is -368 - -1?
-367
In base 15, what is 2a5 - -2?
2a7
In base 9, what is -1201 + 4?
-1186
In base 11, what is 28 + -2?
26
In base 2, what is 1100100101101 + 10?
1100100101111
In base 8, what is 5 - -137?
144
In base 3, what is -10221 + -10?
-11001
In base 5, what is -44 - 1?
-100
In base 3, what is -1021 - 11?
-1102
In base 11, what is 13a + -4?
136
In base 16, what is -55a - 5?
-55f
In base 13, what is -95 - 13?
-a8
In base 13, what is 5b - -5?
63
In base 16, what is -24 - 1?
-25
In base 15, what is -4 - 17e?
-183
In base 12, what is 0 + -78a?
-78a
In base 13, what is -246a3 - -2?
-246a1
In base 3, what is -122212 - 0?
-122212
In base 9, what is -152 + 26?
-125
In base 16, what is b + -5?
6
In base 2, what is -1000000 - 101?
-1000101
In base 2, what is -101011 + -1111?
-111010
In base 12, what is 5 + a8?
b1
In base 8, what is -3 + 2413?
2410
In base 4, what is -300022 + -2?
-300030
In base 6, what is 1 + -154?
-153
In base 10, what is -4 - 2778?
-2782
In base 8, what is -367 + -26?
-415
In base 11, what is -18 + 46?
29
In base 11, what is -1438 - 5?
-1442
In base 2, what is -10